+ 75. What is the greatest common factor of 65 and b?
13
Suppose 2*b - q - 39 = -b, -q = 3*b - 33. Suppose b = 2*n + 2. Suppose v - 5*v + 80 = 0. Calculate the highest common divisor of n and v.
5
Let s = -7 + 17. Let f = 162 + -112. What is the greatest common factor of s and f?
10
Let z be 2/(-8) - (-164)/16. Let h = z - 5. Suppose 0 = -0*v - h*v + 135. Calculate the greatest common divisor of 18 and v.
9
Suppose -5*t - 5*x + 26 = -69, 3*t - 3*x - 39 = 0. Suppose -14*m = -t*m + 12. What is the greatest common divisor of m and 54?
6
Suppose -3*i = 4*m - 13, -2*i + 0*m = 3*m - 9. Suppose -i*a = -0*a - 6. Let o be (-114)/(-8) - 3/12. What is the highest common factor of o and a?
2
Let n(v) = v + 5. Let u be n(0). Suppose -u*k + 75 = -0*k. Suppose -5*q = -3*z - 86, -z - 50 = -2*q - k. Calculate the greatest common factor of 152 and q.
19
Let h = -6 + 8. Suppose -2*w + 11 = 3*v, -w - 27 = -3*v - 2*v. What is the greatest common factor of h and v?
1
Let y(p) = p**3 - 10*p**2 + 3*p - 8. Let t be y(10). Let i be 2 - (1 - 1 - t). What is the highest common divisor of i and 16?
8
Let g(r) = 2*r**2 - 4*r - 4. Let f be g(-3). Calculate the greatest common factor of f and 13.
13
Let l(p) = 16*p**2 + 2*p. Let w be l(-2). Calculate the greatest common divisor of w and 24.
12
Suppose -6*p - 64 = -196. Suppose 0 = -4*g - 0*g + 616. Calculate the greatest common divisor of g and p.
22
Suppose 0 = 4*z + 2*l - 16, -3*l + 26 = 5*z + l. Let m = -11 - -27. Calculate the highest common factor of z and m.
2
Let z be 291/27 - 4/(-18). Suppose -20 = -4*r + 5*v, 3*v + 12 = 4*r + r. Let a be r - (-4*11 + 0). Calculate the highest common factor of a and z.
11
Suppose 2*d - 2*u = 36, 3*d + 4*u - 48 = d. Suppose -2*t - r = t - d, -4*t - r = -27. What is the greatest common factor of t and 56?
7
Let l = 35 + -30. Calculate the greatest common divisor of 2 and l.
1
Let w(i) be the third derivative of i**5/30 - 7*i**4/24 + 3*i**3/2 + 2*i**2. Let g be w(6). What is the greatest common divisor of g and 13?
13
Suppose -z + 30 = -0*z. Suppose 30 = -10*c + 12*c. Calculate the greatest common factor of c and z.
15
Let l = 36 - 23. Calculate the greatest common divisor of 52 and l.
13
Let r = 234 + -126. Suppose -3*m = y - 11, 2*y = 4*m + 46 - 4. Let f = 29 - y. Calculate the highest common divisor of f and r.
12
Suppose 3*s - 146 = 58. Suppose 5*r = s + 52. Let l(j) = -j**3 - j**2 + j + 12. Let w be l(0). What is the greatest common divisor of w and r?
12
Let t(s) = s**2 - 3*s - 3. Let r be t(3). Let v = 18 + r. Let u = 340 + -235. Calculate the highest common factor of u and v.
15
Let p(y) = 2*y + 2*y**3 - y + y**2 + 8 - y**3. Let w be p(0). Suppose -5*k + 80 = -4*c, -k = 3*c - 1 - 15. What is the highest common factor of k and w?
8
Let c(i) be the first derivative of -i**2/2 + 4*i + 6. Let t be c(-2). Calculate the highest common divisor of 24 and t.
6
Suppose -6*u + 5*u + 91 = 0. What is the highest common factor of u and 13?
13
Let p(j) = 2*j**2 + 4*j - 4. Let m be p(-7). Calculate the greatest common factor of 6 and m.
6
Let f be 2/2*(2 - -1). Suppose -f*v + 24 = -0*v. What is the highest common divisor of v and 12?
4
Let h be -2*(-6 + 0 + -1). Let g(z) = 15*z + 1. Let i be g(-7). Let q = i + 202. What is the greatest common divisor of h and q?
14
Suppose 2*b - 3 = -1. Let y be 112/(-18) + 6/27. Let c = -5 - y. Calculate the greatest common factor of c and b.
1
Let u(h) = -10*h - 9. Let k be u(-4). Calculate the highest common divisor of 279 and k.
31
Let t = 12 - 10. What is the greatest common divisor of 6 and t?
2
Let t(m) = 3*m**2 + 3*m - 2. Let a be t(-3). Suppose a + 16 = n. What is the highest common divisor of n and 8?
8
Suppose 0 = -2*g - p + 42, g - 7 = -3*p + 9. Let f = 82 + -49. Calculate the highest common divisor of f and g.
11
Let q = -210 + 226. Calculate the greatest common factor of 6 and q.
2
Let n be (-1 + 4)/((-15)/(-20)). What is the greatest common divisor of 2 and n?
2
Let i be 4 - -1 - (-14)/7. What is the greatest common factor of i and 35?
7
Suppose w - 55 - 8 = 0. What is the greatest common factor of w and 9?
9
Let s = 9 - 13. Let b = -4 - s. Suppose q = -b*q + 21. Calculate the highest common factor of q and 14.
7
Let k be 535/10 - (-3)/2. What is the greatest common divisor of k and 33?
11
Let t(b) = -2*b**2 - 4*b + 5. Let r be t(-4). Let k = 19 + r. Calculate the greatest common divisor of 4 and k.
4
Let i(y) = -y**2 + 4*y - 3. Let l be i(2). Let q be l/(1 + 0) + 32. What is the highest common factor of 3 and q?
3
Let q(o) = -144*o + 1. Let d be q(-1). Suppose -d = -5*l + 5*g, 2*l - 21 = 3*g + 33. What is the greatest common divisor of l and 3?
3
Suppose 0 = -4*y - 0*y + 72. Suppose -3*d + 77 = -2*o, 0 = -3*d - o + 120 - 37. Calculate the highest common divisor of d and y.
9
Let t = 10 + -8. Suppose 0 = 4*h + 16, 53 = 5*z - 0*h - t*h. Calculate the greatest common divisor of z and 81.
9
Suppose -z - 2 = 0, -2*z - 217 = -s + 282. Suppose -3*w + s = 2*w. Suppose 3*b - 34 = -1. Calculate the highest common divisor of b and w.
11
Let c be ((-108)/6)/((-3)/2). Suppose -33 + c = -3*u. What is the greatest common factor of u and 77?
7
Let i(v) = -v + 13. Let z be i(10). Let w be z/4*(-8)/(-1). Suppose 3*x = -u + 2*u + 29, -33 = -3*x + 3*u. Calculate the highest common divisor of w and x.
3
Suppose -w + 0*z - 4*z = -24, 3*w - 5*z = 4. Let u = 16 - w. What is the highest common divisor of 24 and u?
8
Let c be -4*(9/3)/(-3). What is the highest common divisor of 6 and c?
2
Suppose 2*g + 65 = -3*g. Let m = -1 - g. Let r = 160 - 64. Calculate the highest common factor of m and r.
12
Let z(a) = 8*a + 2. Let c be z(2). Calculate the greatest common divisor of c and 18.
18
Let l be 3*((-38)/(-6) - (1 - -2)). What is the highest common factor of 15 and l?
5
Suppose 5*t - 540 = -0*t. Calculate the greatest common divisor of t and 36.
36
Let y(g) = g**3 - 3*g**2 - 4*g + 6. Let u be y(4). What is the highest common factor of 42 and u?
6
Let u be 12 + -4 + (2 - 0). Let b be ((-9)/(-2))/(3/6). Let t be ((-20)/(-6))/(1/b). Calculate the highest common factor of t and u.
10
Let b = 53 + -9. What is the greatest common factor of 4 and b?
4
Let g(c) = 2*c**3 - 2*c**2 + c - 2. Suppose -2*z = -5*f + 11, 4*z = -2*f + 4 + 10. Let p be g(z). Calculate the highest common divisor of p and 88.
8
Let g(q) = -q**3 + q - 1. Let f be g(-2). Suppose -o - 2*s = o - 168, -f*o - 3*s = -412. Suppose 128 = 4*n - 0*n. What is the highest common divisor of o and n?
16
Let b(l) = l**3 + 5*l**2 - 3*l - 8. Let w be b(-4). Calculate the highest common divisor of 4 and w.
4
Let c be (19/2)/(2/4). Suppose 0 = r - c - 1. What is the highest common divisor of 20 and r?
20
Let x(c) = 4*c**3 + 2*c - 1. Let m be x(1). Suppose -4*h + m = -35. Calculate the highest common factor of 2 and h.
2
Let r(w) = -w - 13. Let i be r(0). Let o = i + 29. What is the highest common divisor of o and 16?
16
Let v(n) = -n + 2. Let b be v(-7). Suppose -12 - 15 = -w. What is the highest common divisor of b and w?
9
Let z = 2 - 7. Let g(u) = u**2 - u + 3. Let l be g(z). Suppose 0 = 4*x + 5 - l. What is the highest common factor of 77 and x?
7
Suppose -d = -4*m + 23, 2*m = d - m + 22. Let w = 22 - -6. Let x = w + d. What is the greatest common factor of 1 and x?
1
Let x = -226 - -457. What is the greatest common divisor of 33 and x?
33
Let a be -40*((-13)/(-5) - 3). What is the greatest common divisor of a and 4?
4
Let m(u) = u + 11. Let l be m(-8). What is the highest common factor of l and 24?
3
Let c(s) = 32*s - 6. Let l be c(5). What is the greatest common divisor of 14 and l?
14
Let j(i) = i - 1 + 10*i + 39*i. Let q be j(2). Let o be (-9)/((-1)/1 - 0). Calculate the greatest common divisor of q and o.
9
Suppose 2*u + 7*z - 12*z = 57, -5*u - 5*z = -55. What is the greatest common factor of 112 and u?
16
Let h = -2 - -7. Let s = 3 + h. Let r = -8 - -72. What is the greatest common divisor of r and s?
8
Let g = 181 - 174. What is the greatest common divisor of g and 91?
7
Let r be (-2 - 10/(-6))*-18. Suppose 0 = -2*p + r*p - 16. Suppose v + 2*v - 84 = 0. What is the greatest common factor of v and p?
4
Let b be ((-42)/(-8))/(12/336). What is the highest common divisor of b and 21?
21
Let g = 4 + 23. Suppose 0 = -f 